{"id":1015,"date":"2026-04-18T10:56:53","date_gmt":"2026-04-18T06:56:53","guid":{"rendered":"https:\/\/www.azculture.az\/?page_id=1015"},"modified":"2026-04-22T01:29:57","modified_gmt":"2026-04-21T21:29:57","slug":"dance","status":"publish","type":"page","link":"https:\/\/www.azculture.az\/index.php\/dance\/","title":{"rendered":"R\u0259qs"},"content":{"rendered":"<h4>Az\u0259rbaycan milli r\u0259qsl\u0259ri<\/h4>\n<p>Az\u0259rbaycan milli r\u0259qsl\u0259ri xalq\u0131m\u0131z\u0131n q\u0259dim tarixini, emosional d\u00fcnyas\u0131n\u0131 v\u0259 h\u0259yat t\u0259rzini \u0259ks etdir\u0259n \u0259n g\u00f6z\u0259l m\u0259d\u0259ni ifad\u0259 formalar\u0131ndan biridir. Bu r\u0259qsl\u0259r \u0259srl\u0259r boyu formala\u015faraq n\u0259sild\u0259n-n\u0259sil\u0259 \u00f6t\u00fcr\u00fclm\u00fc\u015f, toy, bayram v\u0259 m\u00fcxt\u0259lif m\u0259rasiml\u0259rin ayr\u0131lmaz hiss\u0259sin\u0259 \u00e7evrilmi\u015fdir. Az\u0259rbaycan r\u0259qsl\u0259ri h\u0259m musiqi, h\u0259m d\u0259 h\u0259r\u0259k\u0259t vasit\u0259sil\u0259 xalq\u0131n ruhunu v\u0259 estetik z\u00f6vq\u00fcn\u00fc ifad\u0259 edir.<\/p>\n<h5>Milli r\u0259qsl\u0259rin yaranmas\u0131 v\u0259 k\u00f6kl\u0259ri<\/h5>\n<div id=\"attachment_1255\" style=\"width: 310px\" class=\"wp-caption alignleft\"><img loading=\"lazy\" decoding=\"async\" aria-describedby=\"caption-attachment-1255\" class=\"size-medium wp-image-1255\" src=\"https:\/\/www.azculture.az\/wp-content\/uploads\/2026\/04\/yalli-300x225.jpg\" alt=\"Yall\u0131\" width=\"300\" height=\"225\" srcset=\"https:\/\/www.azculture.az\/wp-content\/uploads\/2026\/04\/yalli-300x225.jpg 300w, https:\/\/www.azculture.az\/wp-content\/uploads\/2026\/04\/yalli.jpg 350w\" sizes=\"auto, (max-width: 300px) 100vw, 300px\" \/><p id=\"caption-attachment-1255\" class=\"wp-caption-text\">Yall\u0131<\/p><\/div>\n<p>Az\u0259rbaycan r\u0259qsl\u0259rinin k\u00f6kl\u0259ri \u00e7ox q\u0259dim d\u00f6vrl\u0259r\u0259 gedib \u00e7\u0131x\u0131r. \u0130lk r\u0259qs elementl\u0259ri ibtidai insan\u0131n t\u0259bi\u0259t hadis\u0259l\u0259rini, ov s\u0259hn\u0259l\u0259rini v\u0259 g\u00fcnd\u0259lik h\u0259yat\u0131n\u0131 \u0259ks etdir\u0259n h\u0259r\u0259k\u0259tl\u0259rind\u0259 yaranm\u0131\u015fd\u0131r. Zaman ke\u00e7dikc\u0259 bu h\u0259r\u0259k\u0259tl\u0259r ritmik forma alaraq milli r\u0259qs s\u0259n\u0259tin\u0259 \u00e7evrilmi\u015fdir.<\/p>\n<p>Xalq m\u0259rasiml\u0259ri, dini ayinl\u0259r v\u0259 bayram \u015f\u0259nlikl\u0259ri milli r\u0259qsl\u0259rin formala\u015fmas\u0131nda m\u00fch\u00fcm rol oynam\u0131\u015fd\u0131r. Bu r\u0259qsl\u0259r h\u0259m \u0259yl\u0259nc\u0259, h\u0259m d\u0259 sosial \u00fcnsiyy\u0259t vasit\u0259si kimi inki\u015faf etmi\u015fdir.<\/p>\n<h5>Az\u0259rbaycan r\u0259qsl\u0259rinin x\u00fcsusiyy\u0259tl\u0259ri<\/h5>\n<div id=\"attachment_1256\" style=\"width: 282px\" class=\"wp-caption alignright\"><img loading=\"lazy\" decoding=\"async\" aria-describedby=\"caption-attachment-1256\" class=\"size-full wp-image-1256\" src=\"https:\/\/www.azculture.az\/wp-content\/uploads\/2026\/04\/uzundere.jpg\" alt=\"Uzund\u0259r\u0259\" width=\"272\" height=\"186\" srcset=\"https:\/\/www.azculture.az\/wp-content\/uploads\/2026\/04\/uzundere.jpg 272w, https:\/\/www.azculture.az\/wp-content\/uploads\/2026\/04\/uzundere-145x100.jpg 145w\" sizes=\"auto, (max-width: 272px) 100vw, 272px\" \/><p id=\"caption-attachment-1256\" class=\"wp-caption-text\">Uzund\u0259r\u0259<\/p><\/div>\n<p>Az\u0259rbaycan milli r\u0259qsl\u0259ri \u00f6z\u00fcn\u0259m\u0259xsus ritmi, plastikas\u0131 v\u0259 emosional ifad\u0259si il\u0259 se\u00e7ilir. Bu r\u0259qsl\u0259r ad\u0259t\u0259n musiqi m\u00fc\u015fayi\u0259ti il\u0259 ifa olunur v\u0259 ritm \u0259sas rol oynay\u0131r. R\u0259qsl\u0259rd\u0259 b\u0259d\u0259n h\u0259r\u0259k\u0259tl\u0259ri, \u0259l jestl\u0259ri v\u0259 mimika x\u00fcsusi \u0259h\u0259miyy\u0259t da\u015f\u0131y\u0131r.<\/p>\n<p>Milli r\u0259qsl\u0259rin \u0259sas x\u00fcsusiyy\u0259tl\u0259rind\u0259n biri onlar\u0131n ki\u015fi v\u0259 qad\u0131n r\u0259qsl\u0259rin\u0259 b\u00f6l\u00fcnm\u0259sidir. Ki\u015fi r\u0259qsl\u0259ri ad\u0259t\u0259n c\u0259ld, g\u00fccl\u00fc v\u0259 enerjili h\u0259r\u0259k\u0259tl\u0259rl\u0259 xarakteriz\u0259 olunur, qad\u0131n r\u0259qsl\u0259ri is\u0259 daha z\u0259rif, yum\u015faq v\u0259 inc\u0259 h\u0259r\u0259k\u0259tl\u0259rd\u0259n ibar\u0259tdir.<\/p>\n<h5>M\u0259\u015fhur Az\u0259rbaycan milli r\u0259qsl\u0259ri<\/h5>\n<p>Az\u0259rbaycan r\u0259qs m\u0259d\u0259niyy\u0259ti \u00e7ox z\u0259ngindir v\u0259 m\u00fcxt\u0259lif b\u00f6lg\u0259l\u0259r\u0259 aid bir \u00e7ox r\u0259qsl\u0259ri \u0259hat\u0259 edir. Onlar\u0131n h\u0259r biri \u00f6z\u00fcn\u0259m\u0259xsus m\u0259na v\u0259 \u00fcsluba malikdir.<\/p>\n<ul>\n<li>Yall\u0131 \u2013 \u0259n q\u0259dim kollektiv r\u0259qsl\u0259rd\u0259n biridir v\u0259 \u0259sas\u0259n Nax\u00e7\u0131van b\u00f6lg\u0259sind\u0259 geni\u015f yay\u0131lm\u0131\u015fd\u0131r.<\/li>\n<li>Uzund\u0259r\u0259 \u2013 lirik v\u0259 emosional qad\u0131n r\u0259qsi kimi tan\u0131n\u0131r.<\/li>\n<li>T\u0259r\u0259k\u0259m\u0259 \u2013 k\u00f6\u00e7\u0259ri h\u0259yat t\u0259rzini \u0259ks etdir\u0259n enerjili r\u0259qsdir.<\/li>\n<li>\u0130nnab\u0131 \u2013 \u015eirvan b\u00f6lg\u0259sin\u0259 aid z\u0259rif qad\u0131n r\u0259qsidir.<\/li>\n<li>Qayta\u011f\u0131 \u2013 ki\u015fi r\u0259qsi olub c\u0259ld v\u0259 ritmik h\u0259r\u0259k\u0259tl\u0259rl\u0259 se\u00e7ilir.<\/li>\n<\/ul>\n<p>Bu r\u0259qsl\u0259rin h\u0259r biri Az\u0259rbaycan xalq\u0131n\u0131n h\u0259yat t\u0259rzini, emosiyalar\u0131n\u0131 v\u0259 m\u0259d\u0259ni kimliyini \u0259ks etdirir.<\/p>\n<h5>Musiqi v\u0259 r\u0259qsin birliyi<\/h5>\n<p>Az\u0259rbaycan milli r\u0259qsl\u0259ri musiqisiz t\u0259s\u0259vv\u00fcr edilmir. R\u0259qsl\u0259r ad\u0259t\u0259n xalq musiqisi v\u0259 ya mu\u011fam elementl\u0259ri il\u0259 m\u00fc\u015fayi\u0259t olunur. Tar, kaman\u00e7a, na\u011fara v\u0259 balaban kimi musiqi al\u0259tl\u0259ri r\u0259qsl\u0259rin ritmini v\u0259 emosional t\u0259sirini g\u00fccl\u0259ndirir.<\/p>\n<p>Musiqi v\u0259 r\u0259qs aras\u0131ndak\u0131 bu harmonik \u0259laq\u0259 Az\u0259rbaycan m\u0259d\u0259niyy\u0259tinin \u0259sas x\u00fcsusiyy\u0259tl\u0259rind\u0259n biridir.<\/p>\n<h5>Milli r\u0259qsl\u0259rin sosial rolu<\/h5>\n<div id=\"attachment_1258\" style=\"width: 310px\" class=\"wp-caption alignleft\"><img loading=\"lazy\" decoding=\"async\" aria-describedby=\"caption-attachment-1258\" class=\"size-medium wp-image-1258\" src=\"https:\/\/www.azculture.az\/wp-content\/uploads\/2026\/04\/innabi-300x225.jpg\" alt=\"\u0130nnab\u0131\" width=\"300\" height=\"225\" srcset=\"https:\/\/www.azculture.az\/wp-content\/uploads\/2026\/04\/innabi-300x225.jpg 300w, https:\/\/www.azculture.az\/wp-content\/uploads\/2026\/04\/innabi.jpg 640w\" sizes=\"auto, (max-width: 300px) 100vw, 300px\" \/><p id=\"caption-attachment-1258\" class=\"wp-caption-text\">\u0130nnab\u0131<\/p><\/div>\n<p>Milli r\u0259qsl\u0259r yaln\u0131z s\u0259n\u0259t formas\u0131 deyil, h\u0259m d\u0259 sosial \u00fcnsiyy\u0259t vasit\u0259sidir. Toylarda, bayramlarda v\u0259 xalq \u015f\u0259nlikl\u0259rind\u0259 r\u0259qsl\u0259r insanlar\u0131n bir araya g\u0259lm\u0259sini, sevinc v\u0259 birlik hissini g\u00fccl\u0259ndirir.<\/p>\n<p>Bu r\u0259qsl\u0259r h\u0259m d\u0259 g\u0259nc n\u0259sill\u0259rin milli m\u0259d\u0259niyy\u0259t\u0259 ba\u011fl\u0131l\u0131\u011f\u0131n\u0131 art\u0131r\u0131r v\u0259 ad\u0259t-\u0259n\u0259n\u0259l\u0259rin qorunmas\u0131na xidm\u0259t edir.<\/p>\n<p>&nbsp;<\/p>\n<h5>M\u00fcasir d\u00f6vrd\u0259 milli r\u0259qsl\u0259r<\/h5>\n<div id=\"attachment_1260\" style=\"width: 295px\" class=\"wp-caption alignright\"><img loading=\"lazy\" decoding=\"async\" aria-describedby=\"caption-attachment-1260\" class=\"size-full wp-image-1260\" src=\"https:\/\/www.azculture.az\/wp-content\/uploads\/2026\/04\/qaytagi.jpg\" alt=\"Qayta\u011f\u0131\" width=\"285\" height=\"200\" \/><p id=\"caption-attachment-1260\" class=\"wp-caption-text\">Qayta\u011f\u0131<\/p><\/div>\n<p>M\u00fcasir d\u00f6vrd\u0259 Az\u0259rbaycan milli r\u0259qsl\u0259ri h\u0259m \u0259n\u0259n\u0259vi formada, h\u0259m d\u0259 s\u0259hn\u0259 s\u0259n\u0259ti kimi inki\u015faf etdirilir. R\u0259qs ansambllar\u0131 v\u0259 folklor qruplar\u0131 milli r\u0259qsl\u0259ri beyn\u0259lxalq festivallarda t\u0259qdim ed\u0259r\u0259k Az\u0259rbaycan m\u0259d\u0259niyy\u0259tini d\u00fcnyaya tan\u0131d\u0131rlar.<\/p>\n<p>Eyni zamanda xoreoqraflar milli r\u0259qsl\u0259r\u0259 m\u00fcasir elementl\u0259r \u0259lav\u0259 ed\u0259r\u0259k yeni s\u0259hn\u0259 \u0259s\u0259rl\u0259ri yarad\u0131rlar. Bu is\u0259 milli r\u0259qsl\u0259rin daha geni\u015f auditoriyaya \u00e7atmas\u0131na imkan yarad\u0131r.<\/p>\n<h5>Milli r\u0259qsl\u0259rin qorunmas\u0131<\/h5>\n<p>Milli r\u0259qsl\u0259rin qorunmas\u0131 v\u0259 g\u0259l\u0259c\u0259k n\u0259sill\u0259r\u0259 \u00f6t\u00fcr\u00fclm\u0259si m\u0259d\u0259ni irsin m\u00fch\u00fcm hiss\u0259sidir. R\u0259qs m\u0259kt\u0259bl\u0259ri, m\u0259d\u0259niyy\u0259t m\u0259rk\u0259zl\u0259ri v\u0259 folklor qruplar\u0131 bu sah\u0259d\u0259 m\u00fch\u00fcm rol oynay\u0131r.<\/p>\n<p>UNESCO t\u0259r\u0259find\u0259n d\u0259 b\u0259zi Az\u0259rbaycan milli r\u0259qsl\u0259ri qeyri-maddi m\u0259d\u0259ni irs kimi tan\u0131nm\u0131\u015fd\u0131r ki, bu da onlar\u0131n beyn\u0259lxalq \u0259h\u0259miyy\u0259tini g\u00f6st\u0259rir.<\/p>\n<p>Az\u0259rbaycan milli r\u0259qsl\u0259ri xalq\u0131m\u0131z\u0131n ruhunu, tarixini v\u0259 estetik d\u00fcnyas\u0131n\u0131 \u0259ks etdir\u0259n unikal m\u0259d\u0259ni irsdir. Bu r\u0259qsl\u0259r h\u0259m ke\u00e7mi\u015fi qoruyur, h\u0259m d\u0259 g\u0259l\u0259c\u0259y\u0259 \u00f6t\u00fcr\u00fcl\u00fcr.<\/p>\n<p>Milli r\u0259qsl\u0259rin ya\u015fad\u0131lmas\u0131 v\u0259 inki\u015faf etdirilm\u0259si Az\u0259rbaycan m\u0259d\u0259niyy\u0259tinin davaml\u0131l\u0131\u011f\u0131 \u00fc\u00e7\u00fcn b\u00f6y\u00fck \u0259h\u0259miyy\u0259t da\u015f\u0131y\u0131r. Onlar xalq\u0131m\u0131z\u0131n kimliyinin \u0259n canl\u0131 v\u0259 h\u0259r\u0259k\u0259tli ifad\u0259sidir.<\/p>\n","protected":false},"excerpt":{"rendered":"<p>Az\u0259rbaycan milli r\u0259qsl\u0259ri Az\u0259rbaycan milli r\u0259qsl\u0259ri xalq\u0131m\u0131z\u0131n q\u0259dim tarixini, emosional d\u00fcnyas\u0131n\u0131 v\u0259 h\u0259yat t\u0259rzini \u0259ks etdir\u0259n \u0259n g\u00f6z\u0259l m\u0259d\u0259ni ifad\u0259 formalar\u0131ndan biridir. Bu r\u0259qsl\u0259r \u0259srl\u0259r boyu formala\u015faraq n\u0259sild\u0259n-n\u0259sil\u0259 \u00f6t\u00fcr\u00fclm\u00fc\u015f, toy, bayram v\u0259 m\u00fcxt\u0259lif m\u0259rasiml\u0259rin ayr\u0131lmaz hiss\u0259sin\u0259 \u00e7evrilmi\u015fdir. Az\u0259rbaycan r\u0259qsl\u0259ri h\u0259m musiqi, h\u0259m d\u0259 h\u0259r\u0259k\u0259t vasit\u0259sil\u0259 xalq\u0131n ruhunu v\u0259 estetik z\u00f6vq\u00fcn\u00fc ifad\u0259 edir. Milli r\u0259qsl\u0259rin yaranmas\u0131 [&hellip;]<\/p>\n","protected":false},"author":1,"featured_media":0,"parent":0,"menu_order":0,"comment_status":"closed","ping_status":"closed","template":"template-no-title.php","meta":{"footnotes":""},"class_list":["post-1015","page","type-page","status-publish","hentry"],"_links":{"self":[{"href":"https:\/\/www.azculture.az\/index.php\/wp-json\/wp\/v2\/pages\/1015","targetHints":{"allow":["GET"]}}],"collection":[{"href":"https:\/\/www.azculture.az\/index.php\/wp-json\/wp\/v2\/pages"}],"about":[{"href":"https:\/\/www.azculture.az\/index.php\/wp-json\/wp\/v2\/types\/page"}],"author":[{"embeddable":true,"href":"https:\/\/www.azculture.az\/index.php\/wp-json\/wp\/v2\/users\/1"}],"replies":[{"embeddable":true,"href":"https:\/\/www.azculture.az\/index.php\/wp-json\/wp\/v2\/comments?post=1015"}],"version-history":[{"count":7,"href":"https:\/\/www.azculture.az\/index.php\/wp-json\/wp\/v2\/pages\/1015\/revisions"}],"predecessor-version":[{"id":1262,"href":"https:\/\/www.azculture.az\/index.php\/wp-json\/wp\/v2\/pages\/1015\/revisions\/1262"}],"wp:attachment":[{"href":"https:\/\/www.azculture.az\/index.php\/wp-json\/wp\/v2\/media?parent=1015"}],"curies":[{"name":"wp","href":"https:\/\/api.w.org\/{rel}","templated":true}]}}