{"id":1030,"date":"2026-04-18T11:05:01","date_gmt":"2026-04-18T07:05:01","guid":{"rendered":"https:\/\/www.azculture.az\/?page_id=1030"},"modified":"2026-04-22T01:38:57","modified_gmt":"2026-04-21T21:38:57","slug":"classical-music","status":"publish","type":"page","link":"https:\/\/www.azculture.az\/index.php\/classical-music\/","title":{"rendered":"Klassik musiqi"},"content":{"rendered":"<p><span style=\"font-size: 16px;\">Klassik musiqi<\/span>Klassik musiqi insan m\u0259d\u0259niyy\u0259tinin \u0259n d\u0259rin v\u0259 z\u0259ngin sah\u0259l\u0259rind\u0259n biridir. Bu musiqi n\u00f6v\u00fc \u0259srl\u0259r boyu formala\u015faraq, m\u00fcxt\u0259lif d\u00f6vrl\u0259rin estetik d\u00fc\u015f\u00fcnc\u0259sini, f\u0259ls\u0259fi bax\u0131\u015flar\u0131n\u0131 v\u0259 emosional d\u00fcnyas\u0131n\u0131 \u00f6z\u00fcnd\u0259 \u0259ks etdirmi\u015fdir. Klassik musiqi yaln\u0131z bir s\u0259n\u0259t n\u00f6v\u00fc deyil, h\u0259m d\u0259 insan ruhunun ifad\u0259si, d\u00fc\u015f\u00fcnc\u0259nin v\u0259 hissl\u0259rin y\u00fcks\u0259k s\u0259viyy\u0259d\u0259 t\u0259qdimat\u0131d\u0131r.<\/p>\n<h5>Klassik musiqinin yaranmas\u0131 v\u0259 inki\u015faf\u0131<\/h5>\n<p>Klassik musiqinin k\u00f6kl\u0259ri q\u0259dim d\u00f6vrl\u0259r\u0259 gedib \u00e7\u0131xsa da, onun \u0259sas inki\u015faf m\u0259rh\u0259l\u0259si Avropada Orta \u0259srl\u0259rd\u0259n ba\u015flayaraq formala\u015fm\u0131\u015fd\u0131r. Bu d\u00f6vrd\u0259 kils\u0259 musiqisi m\u00fch\u00fcm rol oynam\u0131\u015f, sonrak\u0131 d\u00f6vrl\u0259rd\u0259 is\u0259 d\u00fcny\u0259vi musiqi inki\u015faf ed\u0259r\u0259k yeni janrlar\u0131n yaranmas\u0131na s\u0259b\u0259b olmu\u015fdur.<\/p>\n<p>Barokko, klassik v\u0259 romantik d\u00f6vrl\u0259r klassik musiqinin \u0259n m\u00fch\u00fcm inki\u015faf m\u0259rh\u0259l\u0259l\u0259ri hesab olunur. H\u0259r bir d\u00f6vr \u00f6z\u00fcn\u0259m\u0259xsus \u00fcslub v\u0259 x\u00fcsusiyy\u0259tl\u0259rl\u0259 se\u00e7ilir. Bu m\u0259rh\u0259l\u0259l\u0259rd\u0259 b\u0259st\u0259karlar musiqi dilini daha da z\u0259nginl\u0259\u015fdir\u0259r\u0259k yeni formalar v\u0259 janrlar yaratm\u0131\u015flar.<\/p>\n<h5>Klassik musiqinin \u0259sas x\u00fcsusiyy\u0259tl\u0259ri<\/h5>\n<p>Klassik musiqi m\u00fcr\u0259kk\u0259b qurulu\u015fu, harmoniyas\u0131 v\u0259 y\u00fcks\u0259k texniki s\u0259viyy\u0259si il\u0259 f\u0259rql\u0259nir. Bu musiqi n\u00f6v\u00fcnd\u0259 simfoniya, sonata, opera v\u0259 konsert kimi m\u00fcxt\u0259lif janrlar m\u00f6vcuddur. H\u0259r bir janr \u00f6z\u00fcn\u0259m\u0259xsus forma v\u0259 ifa x\u00fcsusiyy\u0259tl\u0259rin\u0259 malikdir.<\/p>\n<p>Simfonik musiqi orkestr \u00fc\u00e7\u00fcn yaz\u0131lm\u0131\u015f iri h\u0259cmli \u0259s\u0259rl\u0259rd\u0259n ibar\u0259tdir. Opera is\u0259 musiqi, teatr v\u0259 \u0259d\u0259biyyat\u0131n birl\u0259\u015fdiyi kompleks s\u0259n\u0259t n\u00f6v\u00fcd\u00fcr. Bu janrlar klassik musiqinin z\u0259nginliyini v\u0259 \u00e7ox\u015fax\u0259liliyini n\u00fcmayi\u015f etdirir.<\/p>\n<h5>Klassik musiqi v\u0259 Az\u0259rbaycan<\/h5>\n<p>Az\u0259rbaycan musiqi m\u0259d\u0259niyy\u0259tind\u0259 klassik musiqinin x\u00fcsusi yeri vard\u0131r. Milli musiqi \u0259n\u0259n\u0259l\u0259ri il\u0259 Q\u0259rb klassik musiqisinin sintezi n\u0259tic\u0259sind\u0259 \u00f6z\u00fcn\u0259m\u0259xsus bir m\u0259kt\u0259b formala\u015fm\u0131\u015fd\u0131r.<\/p>\n<div id=\"attachment_1077\" style=\"width: 310px\" class=\"wp-caption alignleft\"><img loading=\"lazy\" decoding=\"async\" aria-describedby=\"caption-attachment-1077\" class=\"size-medium wp-image-1077\" src=\"https:\/\/www.azculture.az\/wp-content\/uploads\/2026\/04\/qarayev-300x192.jpg\" alt=\"Qara Qarayev\" width=\"300\" height=\"192\" srcset=\"https:\/\/www.azculture.az\/wp-content\/uploads\/2026\/04\/qarayev-300x192.jpg 300w, https:\/\/www.azculture.az\/wp-content\/uploads\/2026\/04\/qarayev-768x492.jpg 768w, https:\/\/www.azculture.az\/wp-content\/uploads\/2026\/04\/qarayev.jpg 800w\" sizes=\"auto, (max-width: 300px) 100vw, 300px\" \/><p id=\"caption-attachment-1077\" class=\"wp-caption-text\">Qara Qarayev<\/p><\/div>\n<p>Bu sah\u0259nin banisi hesab olunan \u00dczeyir Hac\u0131b\u0259yli Az\u0259rbaycan professional musiqisinin \u0259sas\u0131n\u0131 qoymu\u015fdur. Onun yaratd\u0131\u011f\u0131 Leyli v\u0259 M\u0259cnun operas\u0131 \u015e\u0259rqd\u0259 ilk opera kimi tarix\u0259 d\u00fc\u015fm\u00fc\u015fd\u00fcr v\u0259 milli musiqi il\u0259 klassik opera janr\u0131n\u0131n u\u011furlu birl\u0259\u015fm\u0259sidir.<\/p>\n<p>Daha sonrak\u0131 d\u00f6vrl\u0259rd\u0259 Qara Qarayev v\u0259 Fikr\u0259t \u018fmirov kimi b\u0259st\u0259karlar klassik musiqini inki\u015faf etdir\u0259r\u0259k onu beyn\u0259lxalq s\u0259viyy\u0259y\u0259 \u00e7\u0131xarm\u0131\u015flar. Onlar\u0131n simfonik \u0259s\u0259rl\u0259ri v\u0259 baletl\u0259ri d\u00fcnya s\u0259hn\u0259l\u0259rind\u0259 u\u011furla s\u0259sl\u0259ndirilmi\u015fdir.<\/p>\n<h5>Klassik musiqinin c\u0259miyy\u0259t\u0259 t\u0259siri<\/h5>\n<p>Klassik musiqi insan\u0131n estetik z\u00f6vq\u00fcn\u00fcn formala\u015fmas\u0131nda, emosional v\u0259 intellektual inki\u015faf\u0131nda m\u00fch\u00fcm rol oynay\u0131r. Bu musiqi n\u00f6v\u00fc insan\u0131n d\u00fc\u015f\u00fcnc\u0259 qabiliyy\u0259tini art\u0131r\u0131r, diqq\u0259tini c\u0259ml\u0259\u015fdirm\u0259y\u0259 k\u00f6m\u0259k edir v\u0259 ruhu sakitl\u0259\u015fdirir.<\/p>\n<p>Eyni zamanda klassik musiqi m\u0259d\u0259niyy\u0259tl\u0259raras\u0131 dialoqu g\u00fccl\u0259ndirir v\u0259 xalqlar aras\u0131nda anla\u015fman\u0131 art\u0131r\u0131r. M\u00fcxt\u0259lif \u00f6lk\u0259l\u0259rin b\u0259st\u0259karlar\u0131n\u0131n \u0259s\u0259rl\u0259ri d\u00fcnya s\u0259hn\u0259l\u0259rind\u0259 s\u0259sl\u0259n\u0259r\u0259k universal d\u0259y\u0259rl\u0259ri t\u0259bli\u011f edir.<\/p>\n<h5>M\u00fcasir d\u00f6vrd\u0259 klassik musiqi<\/h5>\n<div id=\"attachment_1081\" style=\"width: 310px\" class=\"wp-caption alignright\"><img loading=\"lazy\" decoding=\"async\" aria-describedby=\"caption-attachment-1081\" class=\"size-medium wp-image-1081\" src=\"https:\/\/www.azculture.az\/wp-content\/uploads\/2026\/04\/emirov-300x200.jpg\" alt=\"Fikr\u0259t \u018fmirov\" width=\"300\" height=\"200\" srcset=\"https:\/\/www.azculture.az\/wp-content\/uploads\/2026\/04\/emirov-300x200.jpg 300w, https:\/\/www.azculture.az\/wp-content\/uploads\/2026\/04\/emirov-1024x683.jpg 1024w, https:\/\/www.azculture.az\/wp-content\/uploads\/2026\/04\/emirov-768x512.jpg 768w, https:\/\/www.azculture.az\/wp-content\/uploads\/2026\/04\/emirov-810x540.jpg 810w, https:\/\/www.azculture.az\/wp-content\/uploads\/2026\/04\/emirov-1140x760.jpg 1140w, https:\/\/www.azculture.az\/wp-content\/uploads\/2026\/04\/emirov.jpg 1200w\" sizes=\"auto, (max-width: 300px) 100vw, 300px\" \/><p id=\"caption-attachment-1081\" class=\"wp-caption-text\">Fikr\u0259t \u018fmirov<\/p><\/div>\n<p>Bu g\u00fcn klassik musiqi \u00f6z aktuall\u0131\u011f\u0131n\u0131 qoruyaraq inki\u015faf etm\u0259y\u0259 davam edir. M\u00fcasir b\u0259st\u0259karlar yeni texnologiyalardan istifad\u0259 ed\u0259r\u0259k klassik musiqini daha geni\u015f auditoriyaya \u00e7atd\u0131r\u0131rlar.<\/p>\n<p>Konsert salonlar\u0131, opera teatrlar\u0131 v\u0259 beyn\u0259lxalq festivallar klassik musiqinin yay\u0131lmas\u0131nda m\u00fch\u00fcm rol oynay\u0131r. G\u0259nc musiqi\u00e7il\u0259r is\u0259 bu \u0259n\u0259n\u0259ni davam etdir\u0259r\u0259k klassik musiqiy\u0259 yeni n\u0259f\u0259s g\u0259tirirl\u0259r.<\/p>\n<p>Klassik musiqi zaman\u0131n s\u0131na\u011f\u0131ndan \u00e7\u0131xaraq bu g\u00fcn\u00fcm\u00fcz\u0259 q\u0259d\u0259r g\u0259lib \u00e7atm\u0131\u015f v\u0259 insan m\u0259d\u0259niyy\u0259tinin ayr\u0131lmaz hiss\u0259sin\u0259 \u00e7evrilmi\u015fdir. Bu musiqi n\u00f6v\u00fc h\u0259m ke\u00e7mi\u015fin irsini qoruyur, h\u0259m d\u0259 g\u0259l\u0259c\u0259y\u0259 istiqam\u0259t verir.<\/p>\n<p>Az\u0259rbaycan klassik musiqisi is\u0259 milli \u0259n\u0259n\u0259l\u0259r il\u0259 d\u00fcnya musiqisinin sintezini n\u00fcmayi\u015f etdir\u0259r\u0259k bu sah\u0259d\u0259 \u00f6z\u00fcn\u0259m\u0259xsus yer tutur. Bu z\u0259ngin irsin qorunmas\u0131 v\u0259 inki\u015faf etdirilm\u0259si m\u0259d\u0259niyy\u0259timizin g\u0259l\u0259c\u0259yi \u00fc\u00e7\u00fcn b\u00f6y\u00fck \u0259h\u0259miyy\u0259t da\u015f\u0131y\u0131r.<\/p>\n","protected":false},"excerpt":{"rendered":"<p>Klassik musiqiKlassik musiqi insan m\u0259d\u0259niyy\u0259tinin \u0259n d\u0259rin v\u0259 z\u0259ngin sah\u0259l\u0259rind\u0259n biridir. Bu musiqi n\u00f6v\u00fc \u0259srl\u0259r boyu formala\u015faraq, m\u00fcxt\u0259lif d\u00f6vrl\u0259rin estetik d\u00fc\u015f\u00fcnc\u0259sini, f\u0259ls\u0259fi bax\u0131\u015flar\u0131n\u0131 v\u0259 emosional d\u00fcnyas\u0131n\u0131 \u00f6z\u00fcnd\u0259 \u0259ks etdirmi\u015fdir. Klassik musiqi yaln\u0131z bir s\u0259n\u0259t n\u00f6v\u00fc deyil, h\u0259m d\u0259 insan ruhunun ifad\u0259si, d\u00fc\u015f\u00fcnc\u0259nin v\u0259 hissl\u0259rin y\u00fcks\u0259k s\u0259viyy\u0259d\u0259 t\u0259qdimat\u0131d\u0131r. Klassik musiqinin yaranmas\u0131 v\u0259 inki\u015faf\u0131 Klassik musiqinin k\u00f6kl\u0259ri [&hellip;]<\/p>\n","protected":false},"author":1,"featured_media":0,"parent":0,"menu_order":0,"comment_status":"closed","ping_status":"closed","template":"template-no-title.php","meta":{"footnotes":""},"class_list":["post-1030","page","type-page","status-publish","hentry"],"_links":{"self":[{"href":"https:\/\/www.azculture.az\/index.php\/wp-json\/wp\/v2\/pages\/1030","targetHints":{"allow":["GET"]}}],"collection":[{"href":"https:\/\/www.azculture.az\/index.php\/wp-json\/wp\/v2\/pages"}],"about":[{"href":"https:\/\/www.azculture.az\/index.php\/wp-json\/wp\/v2\/types\/page"}],"author":[{"embeddable":true,"href":"https:\/\/www.azculture.az\/index.php\/wp-json\/wp\/v2\/users\/1"}],"replies":[{"embeddable":true,"href":"https:\/\/www.azculture.az\/index.php\/wp-json\/wp\/v2\/comments?post=1030"}],"version-history":[{"count":6,"href":"https:\/\/www.azculture.az\/index.php\/wp-json\/wp\/v2\/pages\/1030\/revisions"}],"predecessor-version":[{"id":1269,"href":"https:\/\/www.azculture.az\/index.php\/wp-json\/wp\/v2\/pages\/1030\/revisions\/1269"}],"wp:attachment":[{"href":"https:\/\/www.azculture.az\/index.php\/wp-json\/wp\/v2\/media?parent=1030"}],"curies":[{"name":"wp","href":"https:\/\/api.w.org\/{rel}","templated":true}]}}