{"id":328,"date":"2014-11-25T13:48:50","date_gmt":"2014-11-25T13:48:50","guid":{"rendered":"https:\/\/demo.mekshq.com\/voice\/?page_id=328"},"modified":"2026-04-18T15:03:05","modified_gmt":"2026-04-18T11:03:05","slug":"about","status":"publish","type":"page","link":"https:\/\/www.azculture.az\/index.php\/about\/","title":{"rendered":"Haqq\u0131m\u0131zda"},"content":{"rendered":"<p>Bu sayt, Az\u0259rbaycan Respublikas\u0131n\u0131n M\u0259d\u0259niyy\u0259t Nazirliyinin maliyy\u0259 d\u0259st\u0259yi il\u0259 \u201cD\u0259d\u0259 \u018fl\u0259sg\u0259r Oca\u011f\u0131\u201d \u0130ctimai Birliyinin h\u0259yata ke\u00e7irdiyi \u201cAz\u0259rbaycan m\u0259d\u0259niyy\u0259tinin m\u00fcasir r\u0259q\u0259msal al\u0259tl\u0259r vasit\u0259sil\u0259 t\u0259bli\u011fi \u00fc\u00e7\u00fcn multifunksional veb-platforman\u0131n yarad\u0131lmas\u0131\u201d adl\u0131 layih\u0259 \u00e7\u0259r\u00e7iv\u0259sind\u0259 haz\u0131rlan\u0131b.<\/p>\n<p>Sayt\u0131n Az\u0259rbaycan\u0131n m\u0259d\u0259ni d\u0259y\u0259rl\u0259ri \u0259hat\u0259 ed\u0259n multifunksional v\u0259 interaktiv veb-platforma olmas\u0131 n\u0259z\u0259rd\u0259 tutulur.<\/p>\n<p>Sayt\u0131n m\u0259zmunu \u201cD\u0259d\u0259 \u018fl\u0259sg\u0259r Oca\u011f\u0131\u201d \u0130ctimai Birliyinin cavabdehliyind\u0259dir, bu bax\u0131mdan sayt\u0131n m\u0259zmunu Az\u0259rbaycan Respublikas\u0131n\u0131n M\u0259d\u0259niyy\u0259t Nazirliyinin m\u00f6vqeyini \u0259ks etdirmir.<\/p>\n","protected":false},"excerpt":{"rendered":"<p>Bu sayt, Az\u0259rbaycan Respublikas\u0131n\u0131n M\u0259d\u0259niyy\u0259t Nazirliyinin maliyy\u0259 d\u0259st\u0259yi il\u0259 \u201cD\u0259d\u0259 \u018fl\u0259sg\u0259r Oca\u011f\u0131\u201d \u0130ctimai Birliyinin h\u0259yata ke\u00e7irdiyi \u201cAz\u0259rbaycan m\u0259d\u0259niyy\u0259tinin m\u00fcasir r\u0259q\u0259msal al\u0259tl\u0259r vasit\u0259sil\u0259 t\u0259bli\u011fi \u00fc\u00e7\u00fcn multifunksional veb-platforman\u0131n yarad\u0131lmas\u0131\u201d adl\u0131 layih\u0259 \u00e7\u0259r\u00e7iv\u0259sind\u0259 haz\u0131rlan\u0131b. Sayt\u0131n Az\u0259rbaycan\u0131n m\u0259d\u0259ni d\u0259y\u0259rl\u0259ri \u0259hat\u0259 ed\u0259n multifunksional v\u0259 interaktiv veb-platforma olmas\u0131 n\u0259z\u0259rd\u0259 tutulur. Sayt\u0131n m\u0259zmunu \u201cD\u0259d\u0259 \u018fl\u0259sg\u0259r Oca\u011f\u0131\u201d \u0130ctimai Birliyinin cavabdehliyind\u0259dir, bu bax\u0131mdan sayt\u0131n [&hellip;]<\/p>\n","protected":false},"author":1,"featured_media":0,"parent":0,"menu_order":0,"comment_status":"closed","ping_status":"closed","template":"","meta":{"footnotes":""},"class_list":["post-328","page","type-page","status-publish","hentry"],"_links":{"self":[{"href":"https:\/\/www.azculture.az\/index.php\/wp-json\/wp\/v2\/pages\/328","targetHints":{"allow":["GET"]}}],"collection":[{"href":"https:\/\/www.azculture.az\/index.php\/wp-json\/wp\/v2\/pages"}],"about":[{"href":"https:\/\/www.azculture.az\/index.php\/wp-json\/wp\/v2\/types\/page"}],"author":[{"embeddable":true,"href":"https:\/\/www.azculture.az\/index.php\/wp-json\/wp\/v2\/users\/1"}],"replies":[{"embeddable":true,"href":"https:\/\/www.azculture.az\/index.php\/wp-json\/wp\/v2\/comments?post=328"}],"version-history":[{"count":5,"href":"https:\/\/www.azculture.az\/index.php\/wp-json\/wp\/v2\/pages\/328\/revisions"}],"predecessor-version":[{"id":1074,"href":"https:\/\/www.azculture.az\/index.php\/wp-json\/wp\/v2\/pages\/328\/revisions\/1074"}],"wp:attachment":[{"href":"https:\/\/www.azculture.az\/index.php\/wp-json\/wp\/v2\/media?parent=328"}],"curies":[{"name":"wp","href":"https:\/\/api.w.org\/{rel}","templated":true}]}}