{"id":885,"date":"2026-03-29T20:53:52","date_gmt":"2026-03-29T16:53:52","guid":{"rendered":"https:\/\/www.azculture.az\/?page_id=885"},"modified":"2026-04-22T01:36:22","modified_gmt":"2026-04-21T21:36:22","slug":"music","status":"publish","type":"page","link":"https:\/\/www.azculture.az\/index.php\/music\/","title":{"rendered":"Musiqi"},"content":{"rendered":"<h4>Milli musiqi &#8211; ruhun s\u0259si<\/h4>\n<p>Az\u0259rbaycan musiqisi xalq\u0131m\u0131z\u0131n z\u0259ngin m\u0259d\u0259ni irsinin \u0259n m\u00fch\u00fcm v\u0259 d\u0259rin qatlar\u0131ndan biridir. Minillikl\u0259r boyu formala\u015fan bu musiqi \u0259n\u0259n\u0259si xalq\u0131n tarixini, duy\u011fular\u0131n\u0131, sevinc v\u0259 k\u0259d\u0259rini, h\u0259yat t\u0259rzini \u00f6z\u00fcnd\u0259 \u0259ks etdirir. \u015e\u0259rq v\u0259 Q\u0259rb m\u0259d\u0259niyy\u0259tl\u0259rinin qovu\u015fu\u011funda yerl\u0259\u015f\u0259n Az\u0259rbaycan, \u00f6z\u00fcn\u0259m\u0259xsus musiqi \u00fcslubu il\u0259 d\u00fcnya musiqi x\u0259zin\u0259sin\u0259 m\u00fch\u00fcm t\u00f6hf\u0259l\u0259r vermi\u015fdir.<\/p>\n<h5>Mu\u011fam \u2013 musiqimizin zirv\u0259si<\/h5>\n<div id=\"attachment_1266\" style=\"width: 310px\" class=\"wp-caption alignleft\"><img loading=\"lazy\" decoding=\"async\" aria-describedby=\"caption-attachment-1266\" class=\"size-medium wp-image-1266\" src=\"https:\/\/www.azculture.az\/wp-content\/uploads\/2026\/04\/mugam-1-300x159.jpg\" alt=\"Mu\u011fam\" width=\"300\" height=\"159\" srcset=\"https:\/\/www.azculture.az\/wp-content\/uploads\/2026\/04\/mugam-1-300x159.jpg 300w, https:\/\/www.azculture.az\/wp-content\/uploads\/2026\/04\/mugam-1.jpg 640w\" sizes=\"auto, (max-width: 300px) 100vw, 300px\" \/><p id=\"caption-attachment-1266\" class=\"wp-caption-text\">Mu\u011fam<\/p><\/div>\n<p>Az\u0259rbaycan musiqisinin \u0259n ali v\u0259 m\u00fcr\u0259kk\u0259b janrlar\u0131ndan biri mu\u011famd\u0131r. Mu\u011fam yaln\u0131z musiqi n\u00f6v\u00fc deyil, eyni zamanda d\u0259rin f\u0259ls\u0259fi v\u0259 emosional m\u0259zmun da\u015f\u0131yan bir s\u0259n\u0259tdir. Bu janr improvizasiya \u00fcz\u0259rind\u0259 qurulmu\u015fdur v\u0259 ifa\u00e7\u0131n\u0131n ustal\u0131\u011f\u0131, duyumu v\u0259 yarad\u0131c\u0131l\u0131q qabiliyy\u0259ti burada \u0259sas rol oynay\u0131r.<\/p>\n<p>Mu\u011fam s\u0259n\u0259ti UNESCO t\u0259r\u0259find\u0259n qeyri-maddi m\u0259d\u0259ni irs siyah\u0131s\u0131na daxil edilmi\u015fdir. Bu is\u0259 onun yaln\u0131z milli deyil, h\u0259m d\u0259 b\u0259\u015f\u0259ri d\u0259y\u0259r da\u015f\u0131d\u0131\u011f\u0131n\u0131 s\u00fcbut edir. Tar, kaman\u00e7a v\u0259 qaval kimi milli musiqi al\u0259tl\u0259ri mu\u011fam\u0131n \u0259sas m\u00fc\u015fayi\u0259t\u00e7il\u0259ridir.<\/p>\n<h5>Xalq musiqisi v\u0259 a\u015f\u0131q s\u0259n\u0259ti<\/h5>\n<div id=\"attachment_1265\" style=\"width: 310px\" class=\"wp-caption alignright\"><img loading=\"lazy\" decoding=\"async\" aria-describedby=\"caption-attachment-1265\" class=\"size-full wp-image-1265\" src=\"https:\/\/www.azculture.az\/wp-content\/uploads\/2026\/04\/asiq-seneti.jpg\" alt=\"a\u015f\u0131q s\u0259n\u0259ti\" width=\"300\" height=\"205\" srcset=\"https:\/\/www.azculture.az\/wp-content\/uploads\/2026\/04\/asiq-seneti.jpg 300w, https:\/\/www.azculture.az\/wp-content\/uploads\/2026\/04\/asiq-seneti-145x100.jpg 145w\" sizes=\"auto, (max-width: 300px) 100vw, 300px\" \/><p id=\"caption-attachment-1265\" class=\"wp-caption-text\">a\u015f\u0131q s\u0259n\u0259ti<\/p><\/div>\n<p>Az\u0259rbaycan xalq musiqisi d\u0259 \u00f6z z\u0259nginliyi v\u0259 r\u0259ngar\u0259ngliyi il\u0259 se\u00e7ilir. Toy m\u0259rasiml\u0259rind\u0259, bayramlarda v\u0259 g\u00fcnd\u0259lik h\u0259yatda s\u0259sl\u0259n\u0259n xalq mahn\u0131lar\u0131 xalq\u0131n h\u0259yat t\u0259rzini v\u0259 d\u00fcnyag\u00f6r\u00fc\u015f\u00fcn\u00fc \u0259ks etdirir.<\/p>\n<p>A\u015f\u0131q s\u0259n\u0259ti is\u0259 Az\u0259rbaycan musiqisinin \u0259n q\u0259dim v\u0259 d\u0259rin k\u00f6kl\u0259r\u0259 malik sah\u0259l\u0259rind\u0259n biridir. A\u015f\u0131qlar saz al\u0259tinin m\u00fc\u015fayi\u0259ti il\u0259 dastanlar s\u00f6yl\u0259yir, \u015feirl\u0259r oxuyur v\u0259 xalq\u0131n tarixini, q\u0259hr\u0259manl\u0131q dastanlar\u0131n\u0131 ya\u015fad\u0131rlar. Bu s\u0259n\u0259t h\u0259m musiqi, h\u0259m \u0259d\u0259biyyat, h\u0259m d\u0259 teatr elementl\u0259rini \u00f6z\u00fcnd\u0259 birl\u0259\u015fdirir.<\/p>\n<h5>Klassik v\u0259 pe\u015f\u0259kar musiqinin inki\u015faf\u0131<\/h5>\n<div id=\"attachment_1263\" style=\"width: 310px\" class=\"wp-caption alignleft\"><img loading=\"lazy\" decoding=\"async\" aria-describedby=\"caption-attachment-1263\" class=\"size-medium wp-image-1263\" src=\"https:\/\/www.azculture.az\/wp-content\/uploads\/2026\/04\/leyli-mecnun-300x197.jpg\" alt=\"Leyli v\u0259 M\u0259cnun operas\u0131\" width=\"300\" height=\"197\" srcset=\"https:\/\/www.azculture.az\/wp-content\/uploads\/2026\/04\/leyli-mecnun-300x197.jpg 300w, https:\/\/www.azculture.az\/wp-content\/uploads\/2026\/04\/leyli-mecnun.jpg 534w\" sizes=\"auto, (max-width: 300px) 100vw, 300px\" \/><p id=\"caption-attachment-1263\" class=\"wp-caption-text\">Leyli v\u0259 M\u0259cnun operas\u0131<\/p><\/div>\n<p>XIX \u0259srin sonu v\u0259 XX \u0259srin \u0259vv\u0259ll\u0259rind\u0259 Az\u0259rbaycan musiqisi yeni inki\u015faf m\u0259rh\u0259l\u0259sin\u0259 q\u0259d\u0259m qoymu\u015fdur. Bu d\u00f6vrd\u0259 milli musiqi elementl\u0259ri il\u0259 Q\u0259rb musiqi \u0259n\u0259n\u0259l\u0259rinin sintezi ba\u015f vermi\u015fdir.<\/p>\n<p>Bu sah\u0259d\u0259 x\u00fcsusi rolu olan b\u0259st\u0259kar \u00dczeyir Hac\u0131b\u0259yli Az\u0259rbaycan professional musiqisinin banisi hesab olunur. Onun yaratd\u0131\u011f\u0131 Leyli v\u0259 M\u0259cnun operas\u0131 \u015e\u0259rqd\u0259 ilk opera kimi tarix\u0259 d\u00fc\u015fm\u00fc\u015fd\u00fcr. Bu \u0259s\u0259r milli musiqi il\u0259 klassik opera janr\u0131n\u0131 u\u011furla birl\u0259\u015fdirir.<\/p>\n<p>Daha sonrak\u0131 d\u00f6vrl\u0259rd\u0259 Qara Qarayev, Fikr\u0259t \u018fmirov kimi b\u0259st\u0259karlar Az\u0259rbaycan musiqisini d\u00fcnya s\u0259viyy\u0259sin\u0259 \u00e7\u0131xarm\u0131\u015f, simfonik v\u0259 dig\u0259r janrlarda m\u00fch\u00fcm \u0259s\u0259rl\u0259r yaratm\u0131\u015flar.<\/p>\n<h5>M\u00fcasir Az\u0259rbaycan musiqisi<\/h5>\n<p>M\u00fcasir d\u00f6vrd\u0259 Az\u0259rbaycan musiqisi h\u0259m milli k\u00f6kl\u0259r\u0259 ba\u011fl\u0131 qalaraq, h\u0259m d\u0259 qlobal musiqi ax\u0131nlar\u0131 il\u0259 uy\u011funla\u015faraq inki\u015faf edir. Pop, caz, rok v\u0259 dig\u0259r janrlarda f\u0259aliyy\u0259t g\u00f6st\u0259r\u0259n ifa\u00e7\u0131lar milli motivl\u0259ri m\u00fcasir \u00fcslubla birl\u0259\u015fdir\u0259r\u0259k yeni musiqi n\u00fcmun\u0259l\u0259ri yarad\u0131rlar.<\/p>\n<p>X\u00fcsusil\u0259 caz musiqisi sah\u0259sind\u0259 Az\u0259rbaycan d\u00fcnyada tan\u0131n\u0131r. Bu sah\u0259d\u0259 Vaqif Mustafazad\u0259 kimi s\u0259n\u0259tkarlar mu\u011fam il\u0259 caz\u0131 birl\u0259\u015fdir\u0259r\u0259k unikal bir \u00fcslub yaratm\u0131\u015flar. Bu \u00fcslub bu g\u00fcn d\u0259 bir \u00e7ox g\u0259nc musiqi\u00e7il\u0259r t\u0259r\u0259find\u0259n davam etdirilir.<\/p>\n<h5>Musiqi al\u0259tl\u0259ri v\u0259 milli kimlik<\/h5>\n<div id=\"attachment_1267\" style=\"width: 235px\" class=\"wp-caption alignright\"><img loading=\"lazy\" decoding=\"async\" aria-describedby=\"caption-attachment-1267\" class=\"size-full wp-image-1267\" src=\"https:\/\/www.azculture.az\/wp-content\/uploads\/2026\/04\/musiqi-aletleri.jpg\" alt=\"Musiqi al\u0259tl\u0259ri\" width=\"225\" height=\"225\" srcset=\"https:\/\/www.azculture.az\/wp-content\/uploads\/2026\/04\/musiqi-aletleri.jpg 225w, https:\/\/www.azculture.az\/wp-content\/uploads\/2026\/04\/musiqi-aletleri-150x150.jpg 150w\" sizes=\"auto, (max-width: 225px) 100vw, 225px\" \/><p id=\"caption-attachment-1267\" class=\"wp-caption-text\">Musiqi al\u0259tl\u0259ri<\/p><\/div>\n<p>Az\u0259rbaycan musiqisinin formala\u015fmas\u0131nda milli musiqi al\u0259tl\u0259rinin rolu b\u00f6y\u00fckd\u00fcr. Tar, kaman\u00e7a, balaban, saz v\u0259 dig\u0259r al\u0259tl\u0259r xalq\u0131n musiqi z\u00f6vq\u00fcn\u00fc v\u0259 estetik d\u00fc\u015f\u00fcnc\u0259sini \u0259ks etdirir. H\u0259r bir al\u0259t \u00f6z\u00fcn\u0259m\u0259xsus s\u0259sl\u0259nm\u0259si il\u0259 milli musiqinin ayr\u0131lmaz hiss\u0259sin\u0259 \u00e7evrilmi\u015fdir.<\/p>\n<p>Bu al\u0259tl\u0259r yaln\u0131z musiqi vasit\u0259si deyil, eyni zamanda m\u0259d\u0259ni kimliyin simvoludur. Onlar\u0131n qorunmas\u0131 v\u0259 g\u0259l\u0259c\u0259k n\u0259sill\u0259r\u0259 \u00f6t\u00fcr\u00fclm\u0259si milli m\u0259d\u0259niyy\u0259tin davaml\u0131l\u0131\u011f\u0131 bax\u0131m\u0131ndan x\u00fcsusi \u0259h\u0259miyy\u0259t da\u015f\u0131y\u0131r.<\/p>\n<p>Az\u0259rbaycan musiqisi xalq\u0131m\u0131z\u0131n ruhunu, tarixini v\u0259 m\u0259n\u0259vi d\u00fcnyas\u0131n\u0131 \u0259ks etdir\u0259n \u0259v\u0259zsiz bir x\u0259zin\u0259dir. Bu musiqi h\u0259m q\u0259dim k\u00f6kl\u0259r\u0259 ba\u011fl\u0131d\u0131r, h\u0259m d\u0259 m\u00fcasir d\u00f6vrd\u0259 inki\u015faf ed\u0259r\u0259k yeni formalar qazan\u0131r.<\/p>\n<p>Milli musiqimizin qorunmas\u0131 v\u0259 d\u00fcnyaya tan\u0131d\u0131lmas\u0131 h\u0259r birimizin \u00fcz\u0259rin\u0259 d\u00fc\u015f\u0259n m\u00fch\u00fcm v\u0259zif\u0259dir. \u00c7\u00fcnki musiqi yaln\u0131z bir s\u0259n\u0259t n\u00f6v\u00fc deyil, h\u0259m d\u0259 xalq\u0131n kimliyini ya\u015fadan \u0259n g\u00fccl\u00fc vasit\u0259l\u0259rd\u0259n biridir.<\/p>\n","protected":false},"excerpt":{"rendered":"<p>Milli musiqi &#8211; ruhun s\u0259si Az\u0259rbaycan musiqisi xalq\u0131m\u0131z\u0131n z\u0259ngin m\u0259d\u0259ni irsinin \u0259n m\u00fch\u00fcm v\u0259 d\u0259rin qatlar\u0131ndan biridir. Minillikl\u0259r boyu formala\u015fan bu musiqi \u0259n\u0259n\u0259si xalq\u0131n tarixini, duy\u011fular\u0131n\u0131, sevinc v\u0259 k\u0259d\u0259rini, h\u0259yat t\u0259rzini \u00f6z\u00fcnd\u0259 \u0259ks etdirir. \u015e\u0259rq v\u0259 Q\u0259rb m\u0259d\u0259niyy\u0259tl\u0259rinin qovu\u015fu\u011funda yerl\u0259\u015f\u0259n Az\u0259rbaycan, \u00f6z\u00fcn\u0259m\u0259xsus musiqi \u00fcslubu il\u0259 d\u00fcnya musiqi x\u0259zin\u0259sin\u0259 m\u00fch\u00fcm t\u00f6hf\u0259l\u0259r vermi\u015fdir. Mu\u011fam \u2013 musiqimizin zirv\u0259si [&hellip;]<\/p>\n","protected":false},"author":1,"featured_media":0,"parent":0,"menu_order":0,"comment_status":"closed","ping_status":"closed","template":"template-no-title.php","meta":{"footnotes":""},"class_list":["post-885","page","type-page","status-publish","hentry"],"_links":{"self":[{"href":"https:\/\/www.azculture.az\/index.php\/wp-json\/wp\/v2\/pages\/885","targetHints":{"allow":["GET"]}}],"collection":[{"href":"https:\/\/www.azculture.az\/index.php\/wp-json\/wp\/v2\/pages"}],"about":[{"href":"https:\/\/www.azculture.az\/index.php\/wp-json\/wp\/v2\/types\/page"}],"author":[{"embeddable":true,"href":"https:\/\/www.azculture.az\/index.php\/wp-json\/wp\/v2\/users\/1"}],"replies":[{"embeddable":true,"href":"https:\/\/www.azculture.az\/index.php\/wp-json\/wp\/v2\/comments?post=885"}],"version-history":[{"count":6,"href":"https:\/\/www.azculture.az\/index.php\/wp-json\/wp\/v2\/pages\/885\/revisions"}],"predecessor-version":[{"id":1268,"href":"https:\/\/www.azculture.az\/index.php\/wp-json\/wp\/v2\/pages\/885\/revisions\/1268"}],"wp:attachment":[{"href":"https:\/\/www.azculture.az\/index.php\/wp-json\/wp\/v2\/media?parent=885"}],"curies":[{"name":"wp","href":"https:\/\/api.w.org\/{rel}","templated":true}]}}