{"id":891,"date":"2026-03-29T20:55:49","date_gmt":"2026-03-29T16:55:49","guid":{"rendered":"https:\/\/www.azculture.az\/?page_id=891"},"modified":"2026-04-22T01:00:08","modified_gmt":"2026-04-21T21:00:08","slug":"literature-folklore","status":"publish","type":"page","link":"https:\/\/www.azculture.az\/index.php\/literature-folklore\/","title":{"rendered":"\u018fd\u0259biyyat v\u0259 Folklor"},"content":{"rendered":"<h4>\u018fd\u0259biyyat v\u0259 Folklor<\/h4>\n<p>Az\u0259rbaycan \u0259d\u0259biyyat\u0131 v\u0259 folkloru xalq\u0131m\u0131z\u0131n milli kimliyini, tarixini v\u0259 m\u0259n\u0259vi d\u0259y\u0259rl\u0259rini \u00f6z\u00fcnd\u0259 \u0259ks etdir\u0259n \u0259n z\u0259ngin m\u0259d\u0259ni sah\u0259l\u0259rd\u0259n biridir. Minillikl\u0259r boyu formala\u015fan bu irs n\u0259sild\u0259n-n\u0259sil\u0259 \u00f6t\u00fcr\u00fcl\u0259r\u0259k bu g\u00fcn\u00fcm\u00fcz\u0259 q\u0259d\u0259r g\u0259lib \u00e7atm\u0131\u015f v\u0259 xalq\u0131n yadda\u015f\u0131nda x\u00fcsusi yer tutmu\u015fdur. \u018fd\u0259biyyat v\u0259 folklor bir-birini tamamlayan, xalq\u0131n d\u00fc\u015f\u00fcnc\u0259 t\u0259rzini v\u0259 h\u0259yat f\u0259ls\u0259f\u0259sini ifad\u0259 ed\u0259n iki \u0259sas s\u00fctundur.<\/p>\n<h5>Folklor \u2013 xalq yarad\u0131c\u0131l\u0131\u011f\u0131n\u0131n t\u0259m\u0259li<\/h5>\n<div id=\"attachment_1245\" style=\"width: 310px\" class=\"wp-caption alignleft\"><img loading=\"lazy\" decoding=\"async\" aria-describedby=\"caption-attachment-1245\" class=\"size-medium wp-image-1245\" src=\"https:\/\/www.azculture.az\/wp-content\/uploads\/2026\/04\/dede-qorqud-300x279.jpg\" alt=\"D\u0259d\u0259 Qorqud\" width=\"300\" height=\"279\" srcset=\"https:\/\/www.azculture.az\/wp-content\/uploads\/2026\/04\/dede-qorqud-300x279.jpg 300w, https:\/\/www.azculture.az\/wp-content\/uploads\/2026\/04\/dede-qorqud.jpg 660w\" sizes=\"auto, (max-width: 300px) 100vw, 300px\" \/><p id=\"caption-attachment-1245\" class=\"wp-caption-text\">D\u0259d\u0259 Qorqud<\/p><\/div>\n<p>Folklor xalq\u0131n \u015fifahi yarad\u0131c\u0131l\u0131\u011f\u0131d\u0131r v\u0259 onun \u0259n q\u0259dim m\u0259d\u0259ni qat\u0131n\u0131 t\u0259\u015fkil edir. Buraya na\u011f\u0131llar, dastanlar, atalar s\u00f6zl\u0259ri, bayat\u0131lar, tapmacalar v\u0259 r\u0259vay\u0259tl\u0259r daxildir. Folklor n\u00fcmun\u0259l\u0259ri xalq\u0131n d\u00fcnyag\u00f6r\u00fc\u015f\u00fcn\u00fc, h\u0259yat t\u0259cr\u00fcb\u0259sini v\u0259 m\u0259n\u0259vi d\u0259y\u0259rl\u0259rini \u0259ks etdirir.<\/p>\n<p>Az\u0259rbaycan folklorunun \u0259n m\u0259\u015fhur n\u00fcmun\u0259l\u0259rind\u0259n biri \u201cKitabi-D\u0259d\u0259 Qorqud\u201d dastan\u0131d\u0131r. Bu \u0259s\u0259r xalq\u0131m\u0131z\u0131n q\u0259hr\u0259manl\u0131q tarixini, ail\u0259 d\u0259y\u0259rl\u0259rini v\u0259 sosial m\u00fcnasib\u0259tl\u0259rini \u0259ks etdir\u0259n qiym\u0259tli bir abid\u0259dir. Dastan h\u0259m \u0259d\u0259bi, h\u0259m d\u0259 tarixi bax\u0131mdan b\u00f6y\u00fck \u0259h\u0259miyy\u0259t\u0259 malikdir.<\/p>\n<p>Folklor yaln\u0131z ke\u00e7mi\u015fin yadigar\u0131 deyil, h\u0259m d\u0259 bu g\u00fcn d\u0259 ya\u015fayan bir m\u0259d\u0259niyy\u0259tdir. Xalq aras\u0131nda dan\u0131\u015f\u0131lan na\u011f\u0131llar, deyil\u0259n atalar s\u00f6zl\u0259ri v\u0259 oxunan bayat\u0131lar bu irsin canl\u0131 qalmas\u0131na xidm\u0259t edir.<\/p>\n<h5>Az\u0259rbaycan \u0259d\u0259biyyat\u0131n\u0131n inki\u015faf\u0131<\/h5>\n<p>Az\u0259rbaycan \u0259d\u0259biyyat\u0131 z\u0259ngin v\u0259 \u00e7ox\u015fax\u0259li inki\u015faf yolu ke\u00e7mi\u015fdir. Q\u0259dim d\u00f6vrl\u0259rd\u0259n ba\u015flayaraq m\u00fcxt\u0259lif m\u0259rh\u0259l\u0259l\u0259rd\u0259 formala\u015fan \u0259d\u0259biyyat\u0131m\u0131z h\u0259m \u015fifahi, h\u0259m d\u0259 yaz\u0131l\u0131 \u0259n\u0259n\u0259l\u0259r\u0259 \u0259saslan\u0131r.<\/p>\n<p>Orta \u0259srl\u0259rd\u0259 Az\u0259rbaycan \u0259d\u0259biyyat\u0131 y\u00fcks\u0259k inki\u015faf m\u0259rh\u0259l\u0259sin\u0259 \u00e7atm\u0131\u015fd\u0131r. Bu d\u00f6vrd\u0259 Nizami G\u0259nc\u0259vi kimi dahi \u015fairl\u0259r d\u00fcnya \u0259d\u0259biyyat\u0131na b\u00f6y\u00fck t\u00f6hf\u0259l\u0259r vermi\u015fdir. Onun \u0259s\u0259rl\u0259ri humanizm, sevgi v\u0259 \u0259dal\u0259t ideyalar\u0131 il\u0259 z\u0259ngindir.<\/p>\n<p>Daha sonrak\u0131 d\u00f6vrl\u0259rd\u0259 F\u00fczuli Az\u0259rbaycan \u0259d\u0259biyyat\u0131nda lirik poeziyan\u0131n zirv\u0259sini yaratm\u0131\u015fd\u0131r. Onun q\u0259z\u0259ll\u0259ri d\u0259rin f\u0259ls\u0259fi m\u0259zmunu v\u0259 emosional t\u0259siri il\u0259 se\u00e7ilir.<\/p>\n<h5>A\u015f\u0131q v\u0259 ozan \u0259d\u0259biyyat\u0131<\/h5>\n<div id=\"attachment_1246\" style=\"width: 310px\" class=\"wp-caption alignright\"><img loading=\"lazy\" decoding=\"async\" aria-describedby=\"caption-attachment-1246\" class=\"size-medium wp-image-1246\" src=\"https:\/\/www.azculture.az\/wp-content\/uploads\/2026\/04\/asiq-elesger-300x199.jpg\" alt=\"A\u015f\u0131q \u018fl\u0259sg\u0259r\" width=\"300\" height=\"199\" srcset=\"https:\/\/www.azculture.az\/wp-content\/uploads\/2026\/04\/asiq-elesger-300x199.jpg 300w, https:\/\/www.azculture.az\/wp-content\/uploads\/2026\/04\/asiq-elesger-768x509.jpg 768w, https:\/\/www.azculture.az\/wp-content\/uploads\/2026\/04\/asiq-elesger.jpg 800w\" sizes=\"auto, (max-width: 300px) 100vw, 300px\" \/><p id=\"caption-attachment-1246\" class=\"wp-caption-text\">A\u015f\u0131q \u018fl\u0259sg\u0259r<\/p><\/div>\n<p>Az\u0259rbaycan folkloru il\u0259 yaz\u0131l\u0131 \u0259d\u0259biyyat aras\u0131nda k\u00f6rp\u00fc rolunu oynayan sah\u0259l\u0259rd\u0259n biri d\u0259 a\u015f\u0131q yarad\u0131c\u0131l\u0131\u011f\u0131d\u0131r. A\u015f\u0131qlar saz al\u0259tinin m\u00fc\u015fayi\u0259ti il\u0259 \u015feirl\u0259r oxuyur, dastanlar s\u00f6yl\u0259yir v\u0259 xalq\u0131n h\u0259yat\u0131n\u0131, sevincini, k\u0259d\u0259rini ifad\u0259 edirl\u0259r.<\/p>\n<p>A\u015f\u0131q s\u0259n\u0259ti h\u0259m musiqi, h\u0259m \u0259d\u0259biyyat, h\u0259m d\u0259 teatr elementl\u0259rini \u00f6z\u00fcnd\u0259 birl\u0259\u015fdirir. Bu s\u0259n\u0259t n\u00f6v\u00fc xalq\u0131n yadda\u015f\u0131n\u0131 qoruyaraq onu g\u0259l\u0259c\u0259k n\u0259sill\u0259r\u0259 \u00f6t\u00fcr\u00fcr.<\/p>\n<h5>\u018fd\u0259biyyat v\u0259 folklorun qar\u015f\u0131l\u0131ql\u0131 \u0259laq\u0259si<\/h5>\n<p>\u018fd\u0259biyyat v\u0259 folklor bir-biri il\u0259 s\u0131x ba\u011fl\u0131d\u0131r. Yaz\u0131l\u0131 \u0259d\u0259biyyat folklordan b\u0259hr\u0259l\u0259n\u0259r\u0259k inki\u015faf etmi\u015f, eyni zamanda folklor da \u0259d\u0259biyyat vasit\u0259sil\u0259 daha geni\u015f yay\u0131lm\u0131\u015fd\u0131r.<\/p>\n<p>Bir \u00e7ox klassik \u015fairl\u0259r v\u0259 yaz\u0131\u00e7\u0131lar \u00f6z \u0259s\u0259rl\u0259rind\u0259 xalq yarad\u0131c\u0131l\u0131\u011f\u0131 elementl\u0259rind\u0259n istifad\u0259 etmi\u015fl\u0259r. Bu is\u0259 \u0259d\u0259biyyat\u0131n daha canl\u0131 v\u0259 xalq ruhuna yax\u0131n olmas\u0131na s\u0259b\u0259b olmu\u015fdur.<\/p>\n<h5>M\u00fcasir d\u00f6vrd\u0259 inki\u015faf<\/h5>\n<p>M\u00fcasir d\u00f6vrd\u0259 Az\u0259rbaycan \u0259d\u0259biyyat\u0131 v\u0259 folkloru yeni inki\u015faf m\u0259rh\u0259l\u0259sin\u0259 q\u0259d\u0259m qoymu\u015fdur. Yaz\u0131\u00e7\u0131lar v\u0259 \u015fairl\u0259r klassik \u0259n\u0259n\u0259l\u0259r\u0259 \u0259saslanaraq m\u00fcasir m\u00f6vzulara toxunur, yeni \u00fcslublar yarad\u0131rlar.<\/p>\n<p>Eyni zamanda folklor n\u00fcmun\u0259l\u0259rinin toplanmas\u0131, t\u0259dqiqi v\u0259 n\u0259\u015fri istiqam\u0259tind\u0259 m\u00fch\u00fcm i\u015fl\u0259r g\u00f6r\u00fcl\u00fcr. Bu, milli irsin qorunmas\u0131 v\u0259 g\u0259l\u0259c\u0259k n\u0259sill\u0259r\u0259 \u00f6t\u00fcr\u00fclm\u0259si bax\u0131m\u0131ndan x\u00fcsusi \u0259h\u0259miyy\u0259t da\u015f\u0131y\u0131r.<\/p>\n<p>Az\u0259rbaycan \u0259d\u0259biyyat\u0131 v\u0259 folkloru xalq\u0131m\u0131z\u0131n m\u0259n\u0259vi d\u00fcnyas\u0131n\u0131, tarixini v\u0259 milli kimliyini \u0259ks etdir\u0259n z\u0259ngin bir irsdir. Bu irs minillikl\u0259r boyu qorunaraq bu g\u00fcn\u00fcm\u00fcz\u0259 q\u0259d\u0259r g\u0259lib \u00e7atm\u0131\u015f v\u0259 g\u0259l\u0259c\u0259k n\u0259sill\u0259r \u00fc\u00e7\u00fcn \u0259v\u0259zsiz bir x\u0259zin\u0259 kimi saxlan\u0131l\u0131r.<\/p>\n<p>Bu m\u0259d\u0259ni d\u0259y\u0259rl\u0259ri qorumaq, inki\u015faf etdirm\u0259k v\u0259 d\u00fcnyaya tan\u0131tmaq h\u0259r birimizin borcudur. \u00c7\u00fcnki \u0259d\u0259biyyat v\u0259 folklor bir xalq\u0131n yadda\u015f\u0131, ruhu v\u0259 kimliyidir.<\/p>\n","protected":false},"excerpt":{"rendered":"<p>\u018fd\u0259biyyat v\u0259 Folklor Az\u0259rbaycan \u0259d\u0259biyyat\u0131 v\u0259 folkloru xalq\u0131m\u0131z\u0131n milli kimliyini, tarixini v\u0259 m\u0259n\u0259vi d\u0259y\u0259rl\u0259rini \u00f6z\u00fcnd\u0259 \u0259ks etdir\u0259n \u0259n z\u0259ngin m\u0259d\u0259ni sah\u0259l\u0259rd\u0259n biridir. Minillikl\u0259r boyu formala\u015fan bu irs n\u0259sild\u0259n-n\u0259sil\u0259 \u00f6t\u00fcr\u00fcl\u0259r\u0259k bu g\u00fcn\u00fcm\u00fcz\u0259 q\u0259d\u0259r g\u0259lib \u00e7atm\u0131\u015f v\u0259 xalq\u0131n yadda\u015f\u0131nda x\u00fcsusi yer tutmu\u015fdur. \u018fd\u0259biyyat v\u0259 folklor bir-birini tamamlayan, xalq\u0131n d\u00fc\u015f\u00fcnc\u0259 t\u0259rzini v\u0259 h\u0259yat f\u0259ls\u0259f\u0259sini ifad\u0259 ed\u0259n iki \u0259sas [&hellip;]<\/p>\n","protected":false},"author":1,"featured_media":0,"parent":0,"menu_order":0,"comment_status":"closed","ping_status":"closed","template":"template-no-title.php","meta":{"footnotes":""},"class_list":["post-891","page","type-page","status-publish","hentry"],"_links":{"self":[{"href":"https:\/\/www.azculture.az\/index.php\/wp-json\/wp\/v2\/pages\/891","targetHints":{"allow":["GET"]}}],"collection":[{"href":"https:\/\/www.azculture.az\/index.php\/wp-json\/wp\/v2\/pages"}],"about":[{"href":"https:\/\/www.azculture.az\/index.php\/wp-json\/wp\/v2\/types\/page"}],"author":[{"embeddable":true,"href":"https:\/\/www.azculture.az\/index.php\/wp-json\/wp\/v2\/users\/1"}],"replies":[{"embeddable":true,"href":"https:\/\/www.azculture.az\/index.php\/wp-json\/wp\/v2\/comments?post=891"}],"version-history":[{"count":5,"href":"https:\/\/www.azculture.az\/index.php\/wp-json\/wp\/v2\/pages\/891\/revisions"}],"predecessor-version":[{"id":1247,"href":"https:\/\/www.azculture.az\/index.php\/wp-json\/wp\/v2\/pages\/891\/revisions\/1247"}],"wp:attachment":[{"href":"https:\/\/www.azculture.az\/index.php\/wp-json\/wp\/v2\/media?parent=891"}],"curies":[{"name":"wp","href":"https:\/\/api.w.org\/{rel}","templated":true}]}}