{"id":893,"date":"2026-03-29T20:56:21","date_gmt":"2026-03-29T16:56:21","guid":{"rendered":"https:\/\/www.azculture.az\/?page_id=893"},"modified":"2026-04-22T00:55:55","modified_gmt":"2026-04-21T20:55:55","slug":"cuisine","status":"publish","type":"page","link":"https:\/\/www.azculture.az\/index.php\/cuisine\/","title":{"rendered":"Milli M\u0259tb\u0259x"},"content":{"rendered":"<h4>Az\u0259rbaycan milli m\u0259tb\u0259xi<\/h4>\n<p>Az\u0259rbaycan milli m\u0259tb\u0259xi xalq\u0131m\u0131z\u0131n tarixi, co\u011frafiyas\u0131 v\u0259 h\u0259yat t\u0259rzinin ayr\u0131lmaz hiss\u0259sidir. Minillikl\u0259r boyu formala\u015fan bu m\u0259tb\u0259x m\u00fcxt\u0259lif b\u00f6lg\u0259l\u0259rin \u00f6z\u00fcn\u0259m\u0259xsus x\u00fcsusiyy\u0259tl\u0259rini \u00f6z\u00fcnd\u0259 birl\u0259\u015fdir\u0259r\u0259k z\u0259ngin v\u0259 r\u0259ngar\u0259ng kulinariya \u0259n\u0259n\u0259si yaratm\u0131\u015fd\u0131r. Az\u0259rbaycan m\u0259tb\u0259xi yaln\u0131z yem\u0259kl\u0259rd\u0259n ibar\u0259t deyil, h\u0259m d\u0259 qonaqp\u0259rv\u0259rlik, payla\u015fmaq v\u0259 birlik kimi d\u0259y\u0259rl\u0259rin t\u0259c\u0259ss\u00fcm\u00fcd\u00fcr.<\/p>\n<h5>Tarixi k\u00f6kl\u0259r v\u0259 formala\u015fma<\/h5>\n<p>Az\u0259rbaycan m\u0259tb\u0259xinin k\u00f6kl\u0259ri q\u0259dim d\u00f6vrl\u0259r\u0259 gedib \u00e7\u0131x\u0131r. Bu \u0259razi \u0130p\u0259k Yolunun \u00fcz\u0259rind\u0259 yerl\u0259\u015fdiyi \u00fc\u00e7\u00fcn m\u00fcxt\u0259lif xalqlar\u0131n m\u0259d\u0259ni t\u0259siri burada \u00f6z \u0259ksini tapm\u0131\u015fd\u0131r. N\u0259tic\u0259d\u0259 Az\u0259rbaycan m\u0259tb\u0259xi h\u0259m \u015e\u0259rq, h\u0259m d\u0259 Q\u0259rb kulinariya elementl\u0259rini \u00f6z\u00fcnd\u0259 birl\u0259\u015fdir\u0259r\u0259k unikal bir forma alm\u0131\u015fd\u0131r.<\/p>\n<p>T\u0259bii-co\u011frafi \u015f\u0259rait d\u0259 m\u0259tb\u0259xin formala\u015fmas\u0131na b\u00f6y\u00fck t\u0259sir g\u00f6st\u0259rmi\u015fdir. Da\u011fl\u0131q v\u0259 aran b\u00f6lg\u0259l\u0259rind\u0259 yeti\u015f\u0259n m\u0259hsullar yem\u0259kl\u0259rin \u00e7e\u015fidini art\u0131rm\u0131\u015f, \u0259t, s\u00fcd m\u0259hsullar\u0131, t\u0259r\u0259v\u0259z v\u0259 \u0259dviyyatlar geni\u015f istifad\u0259 olunmu\u015fdur.<\/p>\n<h5>\u018fn\u0259n\u0259vi yem\u0259kl\u0259r<\/h5>\n<div id=\"attachment_1240\" style=\"width: 304px\" class=\"wp-caption alignleft\"><img loading=\"lazy\" decoding=\"async\" aria-describedby=\"caption-attachment-1240\" class=\"size-medium wp-image-1240\" src=\"https:\/\/www.azculture.az\/wp-content\/uploads\/2026\/04\/960px-Fisinjan-pilow_azerbaijani-294x300.jpg\" alt=\"Fisincan plov\" width=\"294\" height=\"300\" srcset=\"https:\/\/www.azculture.az\/wp-content\/uploads\/2026\/04\/960px-Fisinjan-pilow_azerbaijani-294x300.jpg 294w, https:\/\/www.azculture.az\/wp-content\/uploads\/2026\/04\/960px-Fisinjan-pilow_azerbaijani-768x784.jpg 768w, https:\/\/www.azculture.az\/wp-content\/uploads\/2026\/04\/960px-Fisinjan-pilow_azerbaijani-810x827.jpg 810w, https:\/\/www.azculture.az\/wp-content\/uploads\/2026\/04\/960px-Fisinjan-pilow_azerbaijani.jpg 960w\" sizes=\"auto, (max-width: 294px) 100vw, 294px\" \/><p id=\"caption-attachment-1240\" class=\"wp-caption-text\">Fisincan plov<\/p><\/div>\n<p>Az\u0259rbaycan m\u0259tb\u0259xi m\u00fcxt\u0259lif yem\u0259kl\u0259ri il\u0259 tan\u0131n\u0131r. Bu yem\u0259kl\u0259r aras\u0131nda \u0259n m\u0259\u015fhuru Plov hesab olunur. Plov m\u00fcxt\u0259lif n\u00f6vl\u0259rd\u0259 haz\u0131rlan\u0131r v\u0259 h\u0259r bir b\u00f6lg\u0259nin \u00f6z\u00fcn\u0259m\u0259xsus plov resepti vard\u0131r. Bu yem\u0259k yaln\u0131z g\u00fcnd\u0259lik qida deyil, h\u0259m d\u0259 bayram s\u00fcfr\u0259l\u0259rinin \u0259sas atributudur.<\/p>\n<p>Dig\u0259r m\u0259\u015fhur yem\u0259kl\u0259r aras\u0131nda dolma, piti, bozba\u015f, qutab v\u0259 kabab n\u00f6vl\u0259ri x\u00fcsusi yer tutur. H\u0259r bir yem\u0259k \u00f6z haz\u0131rlanma \u00fcsulu v\u0259 dad\u0131 il\u0259 se\u00e7ilir. Bu yem\u0259kl\u0259r h\u0259m sad\u0259, h\u0259m d\u0259 z\u0259ngin s\u00fcfr\u0259l\u0259rd\u0259 geni\u015f istifad\u0259 olunur.<\/p>\n<p>&nbsp;<\/p>\n<h5>\u015eirniyyatlar v\u0259 \u00e7ay m\u0259d\u0259niyy\u0259ti<\/h5>\n<div id=\"attachment_1241\" style=\"width: 265px\" class=\"wp-caption alignright\"><img loading=\"lazy\" decoding=\"async\" aria-describedby=\"caption-attachment-1241\" class=\"size-full wp-image-1241\" src=\"https:\/\/www.azculture.az\/wp-content\/uploads\/2026\/04\/sirniyyat.jpg\" alt=\"Paxlava, \u015f\u0259k\u0259rbura, qo\u011fal \" width=\"255\" height=\"197\" \/><p id=\"caption-attachment-1241\" class=\"wp-caption-text\">Paxlava, \u015f\u0259k\u0259rbura, qo\u011fal<\/p><\/div>\n<p>Az\u0259rbaycan m\u0259tb\u0259xind\u0259 \u015firniyyatlar da x\u00fcsusi yer tutur. Paxlava, \u015f\u0259k\u0259rbura, qo\u011fal kimi \u015firniyyatlar bayramlar\u0131n, x\u00fcsusil\u0259 Novruz bayram\u0131 zaman\u0131 haz\u0131rlan\u0131r. Bu \u015firniyyatlar yaln\u0131z dadl\u0131 olmaqla yana\u015f\u0131, h\u0259m d\u0259 simvolik m\u0259na da\u015f\u0131y\u0131r.<\/p>\n<p>\u00c7ay m\u0259d\u0259niyy\u0259ti is\u0259 Az\u0259rbaycan h\u0259yat t\u0259rzinin ayr\u0131lmaz hiss\u0259sidir. Qonaqlara \u00e7ay s\u00fcfr\u0259si a\u00e7maq qonaqp\u0259rv\u0259rliyin \u0259sas g\u00f6st\u0259ricil\u0259rind\u0259n biridir. \u00c7ay ad\u0259t\u0259n armudu st\u0259kanda t\u0259qdim olunur v\u0259 yan\u0131nda m\u00fcxt\u0259lif \u015firniyyatlar verilir.<\/p>\n<h5>Regionlara g\u00f6r\u0259 m\u0259tb\u0259x m\u00fcxt\u0259lifliyi<\/h5>\n<div id=\"attachment_1242\" style=\"width: 260px\" class=\"wp-caption alignleft\"><img loading=\"lazy\" decoding=\"async\" aria-describedby=\"caption-attachment-1242\" class=\"size-full wp-image-1242\" src=\"https:\/\/www.azculture.az\/wp-content\/uploads\/2026\/04\/levengi.jpg\" alt=\"Bal\u0131q l\u0259v\u0259ngisi\" width=\"250\" height=\"187\" \/><p id=\"caption-attachment-1242\" class=\"wp-caption-text\">Bal\u0131q l\u0259v\u0259ngisi<\/p><\/div>\n<p>Az\u0259rbaycan\u0131n h\u0259r bir b\u00f6lg\u0259sinin \u00f6z\u00fcn\u0259m\u0259xsus m\u0259tb\u0259xi vard\u0131r. M\u0259s\u0259l\u0259n, L\u0259nk\u0259ran b\u00f6lg\u0259sind\u0259 d\u00fcy\u00fc yem\u0259kl\u0259ri v\u0259 bal\u0131q geni\u015f istifad\u0259 olunur. Quba v\u0259 Qusar b\u00f6lg\u0259l\u0259rind\u0259 \u0259t yem\u0259kl\u0259ri \u00fcst\u00fcnl\u00fck t\u0259\u015fkil edir. Nax\u00e7\u0131van m\u0259tb\u0259xi is\u0259 daha \u00e7ox sad\u0259 v\u0259 t\u0259bii m\u0259hsullara \u0259saslan\u0131r.<\/p>\n<p>Bu regional f\u0259rql\u0259r Az\u0259rbaycan m\u0259tb\u0259xini daha z\u0259ngin v\u0259 maraql\u0131 edir. H\u0259r bir b\u00f6lg\u0259 \u00f6z dad\u0131n\u0131 v\u0259 \u0259n\u0259n\u0259sini qoruyaraq \u00fcmumi m\u0259tb\u0259x m\u0259d\u0259niyy\u0259tin\u0259 t\u00f6hf\u0259 verir.<\/p>\n<h5>Milli m\u0259tb\u0259xin m\u0259d\u0259ni \u0259h\u0259miyy\u0259ti<\/h5>\n<p>Az\u0259rbaycan milli m\u0259tb\u0259xi yaln\u0131z qida ehtiyac\u0131n\u0131 \u00f6d\u0259m\u0259k \u00fc\u00e7\u00fcn deyil, h\u0259m d\u0259 m\u0259d\u0259ni kimliyin ifad\u0259si kimi \u00e7\u0131x\u0131\u015f edir. Yem\u0259kl\u0259rin haz\u0131rlanmas\u0131 v\u0259 t\u0259qdim olunmas\u0131 zaman\u0131 m\u00fc\u0259yy\u0259n ad\u0259t-\u0259n\u0259n\u0259l\u0259r\u0259 riay\u0259t olunur.<\/p>\n<p>Toy m\u0259rasiml\u0259ri, bayramlar v\u0259 ail\u0259vi t\u0259dbirl\u0259r zaman\u0131 haz\u0131rlanan yem\u0259kl\u0259r bu \u0259n\u0259n\u0259l\u0259rin ya\u015fad\u0131lmas\u0131na xidm\u0259t edir. S\u00fcfr\u0259 \u0259traf\u0131nda topla\u015fmaq ail\u0259 ba\u011flar\u0131n\u0131 g\u00fccl\u0259ndirir v\u0259 birlik hissini art\u0131r\u0131r.<\/p>\n<h5>M\u00fcasir d\u00f6vrd\u0259 Az\u0259rbaycan m\u0259tb\u0259xi<\/h5>\n<p>Bu g\u00fcn Az\u0259rbaycan m\u0259tb\u0259xi h\u0259m \u0259n\u0259n\u0259vi, h\u0259m d\u0259 m\u00fcasir formada inki\u015faf edir. Restoranlar v\u0259 a\u015fpazlar milli yem\u0259kl\u0259ri yeni t\u0259qdimat \u00fcsullar\u0131 il\u0259 t\u0259qdim ed\u0259r\u0259k onlar\u0131 daha geni\u015f auditoriyaya \u00e7atd\u0131r\u0131rlar.<\/p>\n<p>Eyni zamanda Az\u0259rbaycan m\u0259tb\u0259xi beyn\u0259lxalq s\u0259viyy\u0259d\u0259 tan\u0131nma\u011fa ba\u015flam\u0131\u015fd\u0131r. Xarici \u00f6lk\u0259l\u0259rd\u0259 a\u00e7\u0131lan Az\u0259rbaycan restoranlar\u0131 v\u0259 ke\u00e7iril\u0259n kulinariya festivallar\u0131 bu m\u0259tb\u0259xin d\u00fcnyaya tan\u0131d\u0131lmas\u0131nda m\u00fch\u00fcm rol oynay\u0131r.<\/p>\n<p>Az\u0259rbaycan milli m\u0259tb\u0259xi xalq\u0131m\u0131z\u0131n tarixini, m\u0259d\u0259niyy\u0259tini v\u0259 h\u0259yat t\u0259rzini \u00f6z\u00fcnd\u0259 \u0259ks etdir\u0259n z\u0259ngin bir irsdir. Bu m\u0259tb\u0259x yaln\u0131z dadlar\u0131n deyil, h\u0259m d\u0259 \u0259n\u0259n\u0259l\u0259rin v\u0259 d\u0259y\u0259rl\u0259rin qoruyucusudur.<\/p>\n<p>Bu z\u0259ngin irsi qorumaq v\u0259 g\u0259l\u0259c\u0259k n\u0259sill\u0259r\u0259 \u00f6t\u00fcrm\u0259k h\u0259r birimizin borcudur. \u00c7\u00fcnki milli m\u0259tb\u0259x bir xalq\u0131n kimliyinin \u0259n dadl\u0131 v\u0259 \u0259n canl\u0131 ifad\u0259sidir.<\/p>\n","protected":false},"excerpt":{"rendered":"<p>Az\u0259rbaycan milli m\u0259tb\u0259xi Az\u0259rbaycan milli m\u0259tb\u0259xi xalq\u0131m\u0131z\u0131n tarixi, co\u011frafiyas\u0131 v\u0259 h\u0259yat t\u0259rzinin ayr\u0131lmaz hiss\u0259sidir. Minillikl\u0259r boyu formala\u015fan bu m\u0259tb\u0259x m\u00fcxt\u0259lif b\u00f6lg\u0259l\u0259rin \u00f6z\u00fcn\u0259m\u0259xsus x\u00fcsusiyy\u0259tl\u0259rini \u00f6z\u00fcnd\u0259 birl\u0259\u015fdir\u0259r\u0259k z\u0259ngin v\u0259 r\u0259ngar\u0259ng kulinariya \u0259n\u0259n\u0259si yaratm\u0131\u015fd\u0131r. Az\u0259rbaycan m\u0259tb\u0259xi yaln\u0131z yem\u0259kl\u0259rd\u0259n ibar\u0259t deyil, h\u0259m d\u0259 qonaqp\u0259rv\u0259rlik, payla\u015fmaq v\u0259 birlik kimi d\u0259y\u0259rl\u0259rin t\u0259c\u0259ss\u00fcm\u00fcd\u00fcr. Tarixi k\u00f6kl\u0259r v\u0259 formala\u015fma Az\u0259rbaycan m\u0259tb\u0259xinin k\u00f6kl\u0259ri q\u0259dim d\u00f6vrl\u0259r\u0259 [&hellip;]<\/p>\n","protected":false},"author":1,"featured_media":0,"parent":0,"menu_order":0,"comment_status":"closed","ping_status":"closed","template":"template-no-title.php","meta":{"footnotes":""},"class_list":["post-893","page","type-page","status-publish","hentry"],"_links":{"self":[{"href":"https:\/\/www.azculture.az\/index.php\/wp-json\/wp\/v2\/pages\/893","targetHints":{"allow":["GET"]}}],"collection":[{"href":"https:\/\/www.azculture.az\/index.php\/wp-json\/wp\/v2\/pages"}],"about":[{"href":"https:\/\/www.azculture.az\/index.php\/wp-json\/wp\/v2\/types\/page"}],"author":[{"embeddable":true,"href":"https:\/\/www.azculture.az\/index.php\/wp-json\/wp\/v2\/users\/1"}],"replies":[{"embeddable":true,"href":"https:\/\/www.azculture.az\/index.php\/wp-json\/wp\/v2\/comments?post=893"}],"version-history":[{"count":7,"href":"https:\/\/www.azculture.az\/index.php\/wp-json\/wp\/v2\/pages\/893\/revisions"}],"predecessor-version":[{"id":1244,"href":"https:\/\/www.azculture.az\/index.php\/wp-json\/wp\/v2\/pages\/893\/revisions\/1244"}],"wp:attachment":[{"href":"https:\/\/www.azculture.az\/index.php\/wp-json\/wp\/v2\/media?parent=893"}],"curies":[{"name":"wp","href":"https:\/\/api.w.org\/{rel}","templated":true}]}}